t of r?
9
Let z(k) = 9141*k**2 + 9*k - 1. What is the units digit of z(3)?
5
Let k = -5576 + 11070. What is the thousands digit of k?
5
Let b = 121 + -173. Let o = 364 + b. What is the hundreds digit of o?
3
Suppose 100*o + 42*o = -24*o + 787504. What is the hundreds digit of o?
7
Let q(y) be the first derivative of y**3/3 - 6*y - 16. Let g be q(-4). Suppose -g*p + 1033 = -707. What is the units digit of p?
4
Suppose u = 71*w - 68*w - 24920, 3*u = 5*w - 41544. What is the hundreds digit of w?
3
Let y = -286 + 307. Let s = 292 + y. What is the hundreds digit of s?
3
Suppose 13*g = 8*g + 4*s + 20659, 4*g - 16532 = 4*s. What is the thousands digit of g?
4
Let y = -5537 + 3707. Let l = y + 2754. What is the hundreds digit of l?
9
Let p = 51224 + 2088. What is the hundreds digit of p?
3
What is the hundreds digit of (-11)/(21/(-474663)*7)?
5
Let d be 4/(9/126*7). What is the tens digit of (2606/d - -8) + (-6)/8?
3
Suppose -3*m - 133 + 539 = 2*f, 4*m - 611 = -3*f. Suppose -166 = -4*d + 2*i, 4*i = 5*d + i - f. What is the units digit of d?
0
Suppose 7*t - 38 = -10. What is the units digit of 1 - ((-9 + t - -5) + -186)?
7
Let f(t) = 11*t**2 + 95*t + 893. What is the units digit of f(-17)?
7
Let d(j) = -9*j**3 - 22*j**2 - 13*j - 287. What is the units digit of d(-12)?
3
Suppose 0 = 2*b + 4*w + 12, 3*b - 2*w = 10 - 4. Suppose 4*h - 6*y - 564 = -2*y, b = 2*y. What is the hundreds digit of h?
1
Suppose 12*c - 7*c - 69477 = -3*j, -5*c = j - 69489. What is the hundreds digit of c?
8
Suppose -10*u + 27744 = -5*u - a, -5*a = -3*u + 16664. What is the thousands digit of u?
5
Let c(o) = -36*o**3 + 19*o**2 + 21*o + 15. What is the tens digit of c(-5)?
8
Let f(p) = -p**2 - 22*p + 35. Let q(k) = k**3 + 11*k**2 + 11*k - 12. Let a be q(-10). Let j be f(a). Suppose -x + j = -83. What is the tens digit of x?
1
Let a = 4459 - 1740. What is the hundreds digit of a?
7
Suppose 5*j - 20506 = -n, -3*n = 674*j - 669*j - 61548. What is the hundreds digit of n?
5
Suppose 3*o - 5*o = -5*m - 963, -o - 194 = m. Let c = m + 426. What is the tens digit of c?
3
Suppose v = 1 - 0. Let h be 0 + (0 - 3) + v. What is the units digit of 167 - (45/(-10) + h/(-4))?
1
Let m = -112 - -108. Let i(q) = 38*q**2 + q + 7. What is the units digit of i(m)?
1
Let h(m) = -221*m + 23860. What is the units digit of h(0)?
0
Let b(i) = i**2 - 4*i - 7. Let o = -30 - -35. Let q be b(o). What is the tens digit of q/(1/((-71)/2))?
7
Let q be -1497 + (-7)/49*-7. Let b = q - -2150. What is the hundreds digit of b?
6
Suppose 2*f = c - 0*f, -5*f = 3*c - 22. Suppose 0 = c*g - 4*s - 14 - 10, -2*s = 4*g - 12. Suppose 6*q = 2*q + 16, g*a - 308 = 4*q. What is the tens digit of a?
8
Let o(d) = -69*d + 1. Let f be (-1)/(-3)*(9 + -18). Let z(y) = -y**2 - 5*y - 7. Let t be z(f). What is the units digit of o(t)?
0
Let b(m) = 69*m**2 + 39*m - 296. What is the tens digit of b(13)?
7
Let j(d) = -17*d - 5. Suppose -3*a - 2*p - 3*p - 10 = 0, -30 = -2*a + 4*p. Suppose -11 = o + 2*b, a*b + 0*b = -2*o - 25. What is the tens digit of j(o)?
8
Let i be ((-1224)/(-30))/((-4)/(-50)). Let d be i/120 + 6/8. Suppose 2*b + 96 = -q + 2*q, d*q + 3*b - 519 = 0. What is the tens digit of q?
0
Let f = 437 - 444. Let b(u) = -472*u**2 + u. Let d be b(-1). What is the tens digit of 21/49 + d/f?
6
Let z = 106 + -79. Suppose -3*u + 3611 = z*o - 28*o, -u - o + 1205 = 0. What is the units digit of u?
4
Let n = -284 + 1392. Let v = n + 504. What is the tens digit of v?
1
What is the ten thousands digit of 4/(-18) + ((-6)/8 - 5955755/(-468))?
1
Let m(f) = 73*f - 81. Let s be m(1). Let c(p) = -p**3 + 2*p**2 + 14*p + 7. What is the tens digit of c(s)?
3
Let v = 1731 - 1029. Suppose 5*m = 8*m - v. What is the hundreds digit of m?
2
Suppose -4*v = -v + 2*v. Let d(t) = t**2 - 2*t + 54. Let q be d(v). Let g = q - 23. What is the units digit of g?
1
Let x(f) = -8*f**2 - 388*f + 313. What is the units digit of x(-38)?
5
Let m(t) = t**3 - 6*t**2 - 2*t + 71. Let k be m(10). Let a = -294 + k. What is the units digit of a?
7
Suppose 3*t = t - 6, 0 = -o - t + 8. Let u(i) = i**2 - i**2 + 12 - 3*i**3 - o. What is the units digit of u(-1)?
4
Let d = 5730 + -254. What is the hundreds digit of d?
4
Suppose -3*t + 141750 - 18841 = 5*n, -3*n + 73751 = t. What is the units digit of n?
6
Let j = 91784 + -62222. What is the thousands digit of j?
9
Suppose -4*s + 8 = -5*n - 23, 0 = n + 5*s - 17. Let f be -4 - (n + -18 + 4). Suppose -f*o = -16*o + 33. What is the units digit of o?
1
Suppose 7*s = 651 + 672. What is the units digit of s?
9
Let d = 3044 - 208. What is the thousands digit of d?
2
Suppose -3*r - 293 = -2*o, -r + 0*r - 5*o = 92. Let b = -104 - r. What is the units digit of (2/1)/(b - 2232/(-318))?
6
Let p(b) = 29*b**3 - 3*b**2 + b + 1. Let v be p(1). Suppose -5*j - 3*z + 827 = v, -2 = z. What is the tens digit of j?
6
Suppose -8*a + 25849 = 7809. What is the tens digit of a?
5
Let l(r) = 5*r - 72. Let t be l(15). Suppose -742 = -3*a - k + 49, -t*a + 787 = -k. What is the tens digit of a?
6
What is the units digit of (-9)/(360/45904)*-10?
6
Suppose 0 = 109*l - 106*l - 57. Suppose -l*v + 18*v + 628 = 0. What is the hundreds digit of v?
6
Let l(z) = 141*z + 1577. What is the tens digit of l(20)?
9
Let a(b) be the second derivative of 23*b**3/2 - 75*b**2 + 58*b + 1. What is the tens digit of a(4)?
2
Suppose 2*x - 2*o + 26 = 6*x, 4*o - 4 = 4*x. Suppose 7*c + 68 = 9*c + 4*b, x*c - b - 118 = 0. Suppose -c + 92 = h. What is the units digit of h?
2
Let s(p) = -34*p**3 - 4*p**2 - 6*p - 2. Let n be s(-2). Let q = -192 + n. What is the tens digit of q?
7
Let v be ((-3)/1)/(-1 - -2). Let j(x) = -106*x - 3. What is the hundreds digit of j(v)?
3
Let d = 6658 - -1106. What is the units digit of d?
4
What is the hundreds digit of 1083*(-23)/(4/((-20)/15)) - -4?
3
Let z(u) = 4*u**2 - 90*u + 284. What is the hundreds digit of z(45)?
3
Let x = -3268 - -6371. What is the hundreds digit of x?
1
What is the thousands digit of ((-12)/(-9))/(8/30078)?
5
Suppose -5*h = 7*u - 2*u - 63285, 3*u = h - 12669. What is the ten thousands digit of h?
1
Let t be (507/(-6))/((-4)/16). Let m be (-24)/18 - t/(-6). Suppose d - m = -3. What is the tens digit of d?
5
Suppose 0 = 2*c + 12 - 16. Suppose 0 = 4*i - 3*s - 132, 42 = i - s - c*s. What is the units digit of (5/i*-9)/((-6)/184)?
6
Let b(m) = 24*m**2 - 164*m - 746. What is the thousands digit of b(-36)?
6
Let w = -2283 - -4266. What is the tens digit of w?
8
Let u be ((-12)/(-3))/(3*4/54). Let q be 104/u + -1 + 10/45. Suppose 36 = 4*y - 2*t + 8, y = t + q. What is the units digit of y?
9
Let z(y) = y**2 + 4*y - 16. Let a = 1 - 1. Let d be z(a). What is the tens digit of 472/d*12/(-2)?
7
Suppose 2*z + 4*f + 919 = 4889, -3*z - f + 5945 = 0. Suppose -5383 = -6*p - z. What is the hundreds digit of p?
5
Suppose 0 = -3*a - 3*a + 180. Let d(m) = a - 3*m - 6*m + 7*m. What is the tens digit of d(-14)?
5
Let s(n) = -n**2 + 95*n - 772. Let u be s(9). Let i(w) = 5*w - 1. Let h be i(2). Suppose -u*p - h*p + 2409 = 0. What is the tens digit of p?
1
Suppose -6*k = -34420 - 7052. Suppose -76*q + 84*q = k. What is the hundreds digit of q?
8
Suppose 3*i = 2*r + 177, 3*i - r = -0*i + 174. Suppose i = -9*c + 1065. Let m = 34 + c. What is the hundreds digit of m?
1
Let d(w) = w**3 - 5*w**2 - 11*w - 20. Let v be d(8). Suppose 2*s = -2*j + 572, -2*s + 2*j + v = -480. What is the units digit of s?
4
Suppose 3*p - 5*a - 49153 = 0, 0*a - 16366 = -p - 2*a. Suppose 22*l - 7736 = p. What is the tens digit of l?
9
Let p(q) = -47*q + 109. Let u be p(2). Suppose u = -2*y - 2*f + 121, -3*y - 5*f = -149. What is the tens digit of y?
5
Let v = -370 + 237. Let d = 499 - v. What is the units digit of d?
2
Suppose 221*i - 268*i = -271801. What is the thousands digit of i?
5
Let u be -3 + 1 - 2*-41. Let y(j) = 4*j**2 + 11*j - 6. Let f be y(-9). Let z = f - u. What is the units digit of z?
9
Let j(d) = d**3 + 20*d**2 + 4*d - 82. What is the thousands digit of j(16)?
9
Suppose 0 = -5*z + 188 - 188. Suppose 4*k + 2*o - 1124 - 184 = z, -2*o + 4 = 0. What is the tens digit of k?
2
Suppose -4*w = 4*m + 592, -w = -4*m - 0*m + 168. Let n = 28 - 21. Let d = n - w. What is the units digit of d?
9
Suppose 2*o = 4*o - 3*c - 6, 3*o = -4*c + 9. Suppose -1932 = -o*h - 9*h. What is the units digit 